osite?
False
Is 51901897 prime?
True
Is 35351097333 prime?
False
Is 51481373 a composite number?
True
Is 6851261071 prime?
False
Is 33518766803 a prime number?
True
Is 24855215057 a composite number?
False
Is 95770989973 composite?
False
Is 6348461459 composite?
True
Is 130787927 a prime number?
True
Is 12514193797 composite?
True
Is 86961679529 a prime number?
True
Is 318892433 a prime number?
True
Is 556577573 composite?
False
Is 32366063999 composite?
True
Is 380552981 composite?
False
Is 460096841 prime?
False
Is 126979937339 a prime number?
False
Is 566701501 prime?
True
Is 1556856439 composite?
True
Is 1224571007 prime?
False
Is 177196151321 composite?
True
Is 1358398421 a composite number?
True
Is 60846436699 a composite number?
False
Is 7272088471 a composite number?
False
Is 2041590443 a composite number?
True
Is 1818641329 a composite number?
False
Is 8362372801 a composite number?
False
Is 811282639 a composite number?
False
Is 1096227689 prime?
True
Is 3416102479 composite?
True
Is 24878073587 prime?
True
Is 218035471 prime?
True
Is 109493729 composite?
False
Is 6216103 a composite number?
False
Is 757108907 a composite number?
True
Is 38224213 composite?
True
Is 2410970711 prime?
False
Is 725578753 composite?
True
Is 178817996117 prime?
True
Is 1752073033 a prime number?
False
Is 110620789 composite?
False
Is 4903677017 prime?
False
Is 29827216079 a prime number?
False
Is 27371569837 composite?
True
Is 9797858327 prime?
False
Is 57276012299 composite?
True
Is 1014589291 a prime number?
False
Is 24298644059 a composite number?
False
Is 4920657251 a prime number?
True
Is 850477847 prime?
True
Is 347541497 composite?
False
Is 15693356471 a composite number?
True
Is 914542957 composite?
True
Is 95707638209 a prime number?
False
Is 3869806963 composite?
True
Is 7911095119 a prime number?
True
Is 1462941329 a composite number?
False
Is 90742397657 composite?
False
Is 1054554583 a composite number?
False
Is 80814089 composite?
True
Is 46493399903 a prime number?
False
Is 4520206147 composite?
True
Is 1170950227 composite?
False
Is 66242629433 a composite number?
True
Is 6973449491 a prime number?
True
Is 105306168533 composite?
True
Is 2257267323 composite?
True
Is 2611926103 a composite number?
False
Is 362944458647 composite?
True
Is 25520350367 composite?
False
Is 34452001957 prime?
True
Is 4411749253 prime?
True
Is 7200883499 a composite number?
False
Is 18920603447 a prime number?
False
Is 1630502807 prime?
True
Is 1868813977 composite?
False
Is 98573737 prime?
False
Is 5944778429 composite?
False
Is 12544916081 a prime number?
True
Is 859295419 composite?
False
Is 7242549701 a composite number?
True
Is 16450329733 a composite number?
True
Is 60890124313 composite?
False
Is 58060808763 a prime number?
False
Is 296787863 a prime number?
False
Is 85556024627 composite?
True
Is 944195279 a prime number?
False
Is 236466038843 composite?
False
Is 47833307699 a prime number?
True
Is 1036353811 composite?
True
Is 13430450923 a prime number?
True
Is 12536562751 a prime number?
True
Is 32205213151 composite?
True
Is 18354401567 prime?
True
Is 107617669151 a prime number?
True
Is 4257425027 composite?
True
Is 25071979003 a composite number?
True
Is 33303027623 composite?
False
Is 10645490693 a composite number?
True
Is 803727451 a composite number?
False
Is 3534526211 a prime number?
False
Is 15192249127 composite?
True
Is 16132150315 prime?
False
Is 18915237839 composite?
False
Is 6967909645 a prime number?
False
Is 4214474927 a composite number?
True
Is 159298516453 prime?
True
Is 22338815537 prime?
True
Is 92676726385 prime?
False
Is 3709017859 prime?
True
Is 350130013 a prime number?
False
Is 4264141283 a composite number?
False
Is 54929648341 prime?
True
Is 22350484271 prime?
False
Is 116488727 a composite number?
False
Is 225597077 a composite number?
False
Is 177152304533 composite?
False
Is 173493169 prime?
True
Is 232232317 a prime number?
False
Is 796299277 a composite number?
False
Is 19541532667 composite?
True
Is 4834893397 prime?
False
Is 9781681199 prime?
True
Is 5340867877 a prime number?
True
Is 902333707 composite?
True
Is 44657549 composite?
False
Is 430268479 composite?
True
Is 11054821391 a composite number?
False
Is 3709633799 a prime number?
True
Is 12664699019 a composite number?
True
Is 1429379517 prime?
False
Is 203982631 a prime number?
True
Is 6793394299 composite?
True
Is 37817616833 a prime number?
True
Is 1995049037 prime?
True
Is 973933793 composite?
True
Is 412435021 a prime number?
False
Is 283469959 composite?
True
Is 697407511 a composite number?
True
Is 25868570339 prime?
False
Is 14363122597 a prime number?
True
Is 5189235073 a prime number?
False
Is 1855811489 composite?
True
Is 35236642769 a composite number?
False
Is 65900504459 composite?
True
Is 63469 a composite number?
True
Is 1110383093 a composite number?
False
Is 25690477 prime?
False
Is 37043194753 prime?
True
Is 12330334189 prime?
True
Is 32678802682 composite?
True
Is 323963681 a prime number?
True
Is 1771437119 prime?
True
Is 267747553 composite?
True
Is 30953519273 a prime number?
True
Is 8750800829 a composite number?
False
Is 15538609019 a prime number?
True
Is 2025925519 prime?
False
Is 11422971193 a composite number?
True
Is 2523818929 a composite number?
True
Is 888690601 composite?
False
Is 5518308569 composite?
False
Is 398457355 prime?
False
Is 145441999 prime?
True
Is 5235147833 composite?
True
Is 149588087 a composite number?
True
Is 2464873885 composite?
True
Is 1585507759 a prime number?
False
Is 485321771807 composite?
True
Is 1229480717 a prime number?
False
Is 89282903 a prime number?
True
Is 151483429 a composite number?
True
Is 135167239 a composite number?
False
Is 34341044477 a prime number?
True
Is 23607098597 prime?
True
Is 1704895399 composite?
True
Is 40192669703 prime?
False
Is 24602439803 a composite number?
False
Is 994115467 a prime number?
True
Is 2369625047 a prime number?
True
Is 615826693 a prime number?
False
Is 2269718179 composite?
False
Is 2737021181 a prime number?
True
Is 25035232811 prime?
True
Is 1744152391 composite?
False
Is 430595040053 composite?
False
Is 52004136179 a composite number?
True
Is 18614946055 a composite number?
True
Is 1200604469 a prime number?
True
Is 1250711269 a prime number?
True
Is 13786990297 a prime number?
False
Is 27321525743 prime?
False
Is 5307497389 a composite number?
True
Is 1807062863 prime?
False
Is 3622052309 a composite number?
False
Is 225655019 a prime number?
False
Is 2176790059 composite?
True
Is 1784000821 composite?
True
Is 649974569 a composite number?
False
Is 2076649117 a prime number?
True
Is 7997034823 a prime number?
True
Is 2161736315 prime?
False
Is 8566052137 a composite number?
True
Is 79900369 a composite number?
False
Is 101371332577 a composite number?
False
Is 1525529273 prime?
True
Is 1735751599 composite?
False
Is 221301939 prime?
False
Is 9718115461 a prime number?
True
Is 1227977117 a prime number?
True
Is 6361344703 a composite number?
True
Is 2882990257 a prime number?
False
Is 370218241 a prime number?
False
Is 126751698527 a composite number?
False
Is 10605860243 composite?
True
Is 311990227 a composite number?
False
Is 969815185 composite?
True
Is 87147994997 composite?
True
Is 1253697397 prime?
True
Is 336754381 composite?
False
Is 15446463067 composite?
True
Is 838170550007 prime?
False
Is 26453410787 prime?
True
Is 301454261545 a composite number?
True
Is 6814823723 prime?
True
Is 269117263 composite?
True
Is 835556923 prime?
False
Is 180012665779 a composite number?
False
Is 544025533 a prime number?
True
Is 1471431989 a composite number?
True
Is 31529468039 composite?
False
Is 2430006437 a composite number?
False
Is 1647954562 a prime number?
False
Is 15645406177 prime?
False
Is 10488619849 composite?
False
Is 3211376043 a prime number?
False
Is 6311357543 a prime number?
True
Is 67815282943 a prime number?
True
Is 283731701711 composite?
False
Is 286149802 a composite number?
True
Is 608122429 a prime number?
False
Is 409696661 a prime number?
False
Is 12325322143 a prime number?
True
Is 6528299411 a composite number?
True
Is 349865598611 a composite number?
True
Is 5414627131 a composite number?
False
Is 7113044597 composite